{"id":15957,"date":"2026-01-29T12:32:57","date_gmt":"2026-01-29T11:32:57","guid":{"rendered":"https:\/\/www.kjt.lu\/?post_type=tribe_events&#038;p=15957"},"modified":"2026-01-29T12:32:57","modified_gmt":"2026-01-29T11:32:57","slug":"la-journee-de-solidarite-2","status":"publish","type":"tribe_events","link":"https:\/\/www.kjt.lu\/fr\/event\/la-journee-de-solidarite-2\/","title":{"rendered":"La Journ\u00e9e de solidarit\u00e9"},"content":{"rendered":"<p>L&rsquo;\u00e9quipe d&rsquo;ambassadeurs KJT sera pr\u00e9sente avec un stand d&rsquo;information lors de la \u00ab Journ\u00e9e de solidarit\u00e9 \u00bb \u00e0 Sandweiler.<\/p>\n","protected":false},"excerpt":{"rendered":"<p>L&rsquo;\u00e9quipe d&rsquo;ambassadeurs KJT sera pr\u00e9sente avec un stand d&rsquo;information lors de la \u00ab Journ\u00e9e de solidarit\u00e9 \u00bb \u00e0 Sandweiler.<\/p>\n","protected":false},"author":3,"featured_media":0,"comment_status":"closed","ping_status":"closed","template":"","meta":{"_tribe_events_status":"","_tribe_events_status_reason":"","footnotes":""},"tags":[552],"tribe_events_cat":[551,578],"class_list":["post-15957","tribe_events","type-tribe_events","status-publish","hentry","tag-ambassadeur","tribe_events_cat-ambassadeur-kjt","tribe_events_cat-event-3","cat_ambassadeur-kjt","cat_event-3"],"yoast_head":"<!-- This site is optimized with the Yoast SEO plugin v25.4 - https:\/\/yoast.com\/wordpress\/plugins\/seo\/ -->\n<title>La Journ\u00e9e de solidarit\u00e9 | KJT<\/title>\n<meta name=\"robots\" content=\"index, follow, max-snippet:-1, max-image-preview:large, max-video-preview:-1\" \/>\n<link rel=\"canonical\" href=\"https:\/\/www.kjt.lu\/fr\/event\/la-journee-de-solidarite-2\/\" \/>\n<meta property=\"og:locale\" content=\"fr_FR\" \/>\n<meta property=\"og:type\" content=\"article\" \/>\n<meta property=\"og:title\" content=\"La Journ\u00e9e de solidarit\u00e9 | KJT\" \/>\n<meta property=\"og:description\" content=\"L&rsquo;\u00e9quipe d&rsquo;ambassadeurs KJT sera pr\u00e9sente avec un stand d&rsquo;information lors de la \u00ab Journ\u00e9e de solidarit\u00e9 \u00bb \u00e0 Sandweiler.\" \/>\n<meta property=\"og:url\" content=\"https:\/\/www.kjt.lu\/fr\/event\/la-journee-de-solidarite-2\/\" \/>\n<meta property=\"og:site_name\" content=\"KJT\" \/>\n<meta property=\"article:publisher\" content=\"https:\/\/www.facebook.com\/kannerjugendtelefon\" \/>\n<meta name=\"twitter:card\" content=\"summary_large_image\" \/>\n<meta name=\"twitter:label1\" content=\"Dur\u00e9e de lecture estim\u00e9e\" \/>\n\t<meta name=\"twitter:data1\" content=\"1 minute\" \/>\n<script type=\"application\/ld+json\" class=\"yoast-schema-graph\">{\"@context\":\"https:\/\/schema.org\",\"@graph\":[{\"@type\":\"WebPage\",\"@id\":\"https:\/\/www.kjt.lu\/fr\/event\/la-journee-de-solidarite-2\/\",\"url\":\"https:\/\/www.kjt.lu\/fr\/event\/la-journee-de-solidarite-2\/\",\"name\":\"La Journ\u00e9e de solidarit\u00e9 | KJT\",\"isPartOf\":{\"@id\":\"https:\/\/www.kjt.lu\/fr\/#website\"},\"datePublished\":\"2026-01-29T11:32:57+00:00\",\"breadcrumb\":{\"@id\":\"https:\/\/www.kjt.lu\/fr\/event\/la-journee-de-solidarite-2\/#breadcrumb\"},\"inLanguage\":\"fr-FR\",\"potentialAction\":[{\"@type\":\"ReadAction\",\"target\":[\"https:\/\/www.kjt.lu\/fr\/event\/la-journee-de-solidarite-2\/\"]}]},{\"@type\":\"BreadcrumbList\",\"@id\":\"https:\/\/www.kjt.lu\/fr\/event\/la-journee-de-solidarite-2\/#breadcrumb\",\"itemListElement\":[{\"@type\":\"ListItem\",\"position\":1,\"name\":\"Startseite\",\"item\":\"https:\/\/www.kjt.lu\/fr\/\"},{\"@type\":\"ListItem\",\"position\":2,\"name\":\"\u00c9v\u00e8nements\",\"item\":\"https:\/\/www.kjt.lu\/fr\/events\/\"},{\"@type\":\"ListItem\",\"position\":3,\"name\":\"La Journ\u00e9e de solidarit\u00e9\"}]},{\"@type\":\"WebSite\",\"@id\":\"https:\/\/www.kjt.lu\/fr\/#website\",\"url\":\"https:\/\/www.kjt.lu\/fr\/\",\"name\":\"KJT\",\"description\":\"Beratung, Hilfe und Informationen f\u00fcr Kinder und Jugendliche\",\"publisher\":{\"@id\":\"https:\/\/www.kjt.lu\/fr\/#organization\"},\"potentialAction\":[{\"@type\":\"SearchAction\",\"target\":{\"@type\":\"EntryPoint\",\"urlTemplate\":\"https:\/\/www.kjt.lu\/fr\/?s={search_term_string}\"},\"query-input\":{\"@type\":\"PropertyValueSpecification\",\"valueRequired\":true,\"valueName\":\"search_term_string\"}}],\"inLanguage\":\"fr-FR\"},{\"@type\":\"Organization\",\"@id\":\"https:\/\/www.kjt.lu\/fr\/#organization\",\"name\":\"KJT\",\"url\":\"https:\/\/www.kjt.lu\/fr\/\",\"logo\":{\"@type\":\"ImageObject\",\"inLanguage\":\"fr-FR\",\"@id\":\"https:\/\/www.kjt.lu\/fr\/#\/schema\/logo\/image\/\",\"url\":\"https:\/\/www.kjt.lu\/wp-content\/uploads\/2021\/01\/kjt_white_144x61.png\",\"contentUrl\":\"https:\/\/www.kjt.lu\/wp-content\/uploads\/2021\/01\/kjt_white_144x61.png\",\"width\":143,\"height\":61,\"caption\":\"KJT\"},\"image\":{\"@id\":\"https:\/\/www.kjt.lu\/fr\/#\/schema\/logo\/image\/\"},\"sameAs\":[\"https:\/\/www.facebook.com\/kannerjugendtelefon\",\"https:\/\/www.instagram.com\/kannerjugendtelefon\/\"]}]}<\/script>\n<!-- \/ Yoast SEO plugin. -->","yoast_head_json":{"title":"La Journ\u00e9e de solidarit\u00e9 | KJT","robots":{"index":"index","follow":"follow","max-snippet":"max-snippet:-1","max-image-preview":"max-image-preview:large","max-video-preview":"max-video-preview:-1"},"canonical":"https:\/\/www.kjt.lu\/fr\/event\/la-journee-de-solidarite-2\/","og_locale":"fr_FR","og_type":"article","og_title":"La Journ\u00e9e de solidarit\u00e9 | KJT","og_description":"L&rsquo;\u00e9quipe d&rsquo;ambassadeurs KJT sera pr\u00e9sente avec un stand d&rsquo;information lors de la \u00ab Journ\u00e9e de solidarit\u00e9 \u00bb \u00e0 Sandweiler.","og_url":"https:\/\/www.kjt.lu\/fr\/event\/la-journee-de-solidarite-2\/","og_site_name":"KJT","article_publisher":"https:\/\/www.facebook.com\/kannerjugendtelefon","twitter_card":"summary_large_image","twitter_misc":{"Dur\u00e9e de lecture estim\u00e9e":"1 minute"},"schema":{"@context":"https:\/\/schema.org","@graph":[{"@type":"WebPage","@id":"https:\/\/www.kjt.lu\/fr\/event\/la-journee-de-solidarite-2\/","url":"https:\/\/www.kjt.lu\/fr\/event\/la-journee-de-solidarite-2\/","name":"La Journ\u00e9e de solidarit\u00e9 | KJT","isPartOf":{"@id":"https:\/\/www.kjt.lu\/fr\/#website"},"datePublished":"2026-01-29T11:32:57+00:00","breadcrumb":{"@id":"https:\/\/www.kjt.lu\/fr\/event\/la-journee-de-solidarite-2\/#breadcrumb"},"inLanguage":"fr-FR","potentialAction":[{"@type":"ReadAction","target":["https:\/\/www.kjt.lu\/fr\/event\/la-journee-de-solidarite-2\/"]}]},{"@type":"BreadcrumbList","@id":"https:\/\/www.kjt.lu\/fr\/event\/la-journee-de-solidarite-2\/#breadcrumb","itemListElement":[{"@type":"ListItem","position":1,"name":"Startseite","item":"https:\/\/www.kjt.lu\/fr\/"},{"@type":"ListItem","position":2,"name":"\u00c9v\u00e8nements","item":"https:\/\/www.kjt.lu\/fr\/events\/"},{"@type":"ListItem","position":3,"name":"La Journ\u00e9e de solidarit\u00e9"}]},{"@type":"WebSite","@id":"https:\/\/www.kjt.lu\/fr\/#website","url":"https:\/\/www.kjt.lu\/fr\/","name":"KJT","description":"Beratung, Hilfe und Informationen f\u00fcr Kinder und Jugendliche","publisher":{"@id":"https:\/\/www.kjt.lu\/fr\/#organization"},"potentialAction":[{"@type":"SearchAction","target":{"@type":"EntryPoint","urlTemplate":"https:\/\/www.kjt.lu\/fr\/?s={search_term_string}"},"query-input":{"@type":"PropertyValueSpecification","valueRequired":true,"valueName":"search_term_string"}}],"inLanguage":"fr-FR"},{"@type":"Organization","@id":"https:\/\/www.kjt.lu\/fr\/#organization","name":"KJT","url":"https:\/\/www.kjt.lu\/fr\/","logo":{"@type":"ImageObject","inLanguage":"fr-FR","@id":"https:\/\/www.kjt.lu\/fr\/#\/schema\/logo\/image\/","url":"https:\/\/www.kjt.lu\/wp-content\/uploads\/2021\/01\/kjt_white_144x61.png","contentUrl":"https:\/\/www.kjt.lu\/wp-content\/uploads\/2021\/01\/kjt_white_144x61.png","width":143,"height":61,"caption":"KJT"},"image":{"@id":"https:\/\/www.kjt.lu\/fr\/#\/schema\/logo\/image\/"},"sameAs":["https:\/\/www.facebook.com\/kannerjugendtelefon","https:\/\/www.instagram.com\/kannerjugendtelefon\/"]}]}},"_links":{"self":[{"href":"https:\/\/www.kjt.lu\/fr\/wp-json\/wp\/v2\/tribe_events\/15957"}],"collection":[{"href":"https:\/\/www.kjt.lu\/fr\/wp-json\/wp\/v2\/tribe_events"}],"about":[{"href":"https:\/\/www.kjt.lu\/fr\/wp-json\/wp\/v2\/types\/tribe_events"}],"author":[{"embeddable":true,"href":"https:\/\/www.kjt.lu\/fr\/wp-json\/wp\/v2\/users\/3"}],"replies":[{"embeddable":true,"href":"https:\/\/www.kjt.lu\/fr\/wp-json\/wp\/v2\/comments?post=15957"}],"version-history":[{"count":1,"href":"https:\/\/www.kjt.lu\/fr\/wp-json\/wp\/v2\/tribe_events\/15957\/revisions"}],"predecessor-version":[{"id":15958,"href":"https:\/\/www.kjt.lu\/fr\/wp-json\/wp\/v2\/tribe_events\/15957\/revisions\/15958"}],"wp:attachment":[{"href":"https:\/\/www.kjt.lu\/fr\/wp-json\/wp\/v2\/media?parent=15957"}],"wp:term":[{"taxonomy":"post_tag","embeddable":true,"href":"https:\/\/www.kjt.lu\/fr\/wp-json\/wp\/v2\/tags?post=15957"},{"taxonomy":"tribe_events_cat","embeddable":true,"href":"https:\/\/www.kjt.lu\/fr\/wp-json\/wp\/v2\/tribe_events_cat?post=15957"}],"curies":[{"name":"wp","href":"https:\/\/api.w.org\/{rel}","templated":true}]}}

La Journée de solidarité

<p>L&rsquo;équipe d&rsquo;ambassadeurs KJT sera présente avec un stand d&rsquo;information lors de la « Journée de solidarité » à Sandweiler.</p>

<!-- This site is optimized with the Yoast SEO plugin v25.4 - https://yoast.com/wordpress/plugins/seo/ -->
<title>La Journée de solidarité | KJT</title>
<meta name="robots" content="index, follow, max-snippet:-1, max-image-preview:large, max-video-preview:-1" />
<link rel="canonical" href="https://www.kjt.lu/fr/event/la-journee-de-solidarite-2/" />
<meta property="og:locale" content="fr_FR" />
<meta property="og:type" content="article" />
<meta property="og:title" content="La Journée de solidarité | KJT" />
<meta property="og:description" content="L&rsquo;équipe d&rsquo;ambassadeurs KJT sera présente avec un stand d&rsquo;information lors de la « Journée de solidarité » à Sandweiler." />
<meta property="og:url" content="https://www.kjt.lu/fr/event/la-journee-de-solidarite-2/" />
<meta property="og:site_name" content="KJT" />
<meta property="article:publisher" content="https://www.facebook.com/kannerjugendtelefon" />
<meta name="twitter:card" content="summary_large_image" />
<meta name="twitter:label1" content="Durée de lecture estimée" />
	<meta name="twitter:data1" content="1 minute" />
<script type="application/ld+json" class="yoast-schema-graph">{"@context":"https://schema.org","@graph":[{"@type":"WebPage","@id":"https://www.kjt.lu/fr/event/la-journee-de-solidarite-2/","url":"https://www.kjt.lu/fr/event/la-journee-de-solidarite-2/","name":"La Journée de solidarité | KJT","isPartOf":{"@id":"https://www.kjt.lu/fr/#website"},"datePublished":"2026-01-29T11:32:57+00:00","breadcrumb":{"@id":"https://www.kjt.lu/fr/event/la-journee-de-solidarite-2/#breadcrumb"},"inLanguage":"fr-FR","potentialAction":[{"@type":"ReadAction","target":["https://www.kjt.lu/fr/event/la-journee-de-solidarite-2/"]}]},{"@type":"BreadcrumbList","@id":"https://www.kjt.lu/fr/event/la-journee-de-solidarite-2/#breadcrumb","itemListElement":[{"@type":"ListItem","position":1,"name":"Startseite","item":"https://www.kjt.lu/fr/"},{"@type":"ListItem","position":2,"name":"Évènements","item":"https://www.kjt.lu/fr/events/"},{"@type":"ListItem","position":3,"name":"La Journée de solidarité"}]},{"@type":"WebSite","@id":"https://www.kjt.lu/fr/#website","url":"https://www.kjt.lu/fr/","name":"KJT","description":"Beratung, Hilfe und Informationen für Kinder und Jugendliche","publisher":{"@id":"https://www.kjt.lu/fr/#organization"},"potentialAction":[{"@type":"SearchAction","target":{"@type":"EntryPoint","urlTemplate":"https://www.kjt.lu/fr/?s={search_term_string}"},"query-input":{"@type":"PropertyValueSpecification","valueRequired":true,"valueName":"search_term_string"}}],"inLanguage":"fr-FR"},{"@type":"Organization","@id":"https://www.kjt.lu/fr/#organization","name":"KJT","url":"https://www.kjt.lu/fr/","logo":{"@type":"ImageObject","inLanguage":"fr-FR","@id":"https://www.kjt.lu/fr/#/schema/logo/image/","url":"https://www.kjt.lu/wp-content/uploads/2021/01/kjt_white_144x61.png","contentUrl":"https://www.kjt.lu/wp-content/uploads/2021/01/kjt_white_144x61.png","width":143,"height":61,"caption":"KJT"},"image":{"@id":"https://www.kjt.lu/fr/#/schema/logo/image/"},"sameAs":["https://www.facebook.com/kannerjugendtelefon","https://www.instagram.com/kannerjugendtelefon/"]}]}</script>
<!-- / Yoast SEO plugin. -->

La Journée de solidarité | KJT

L&rsquo;équipe d&rsquo;ambassadeurs KJT sera présente avec un stand d&rsquo;information lors de la « Journée de solidarité » à Sandweiler.

Évènements

Beratung, Hilfe und Informationen für Kinder und Jugendliche
